33 + -34. Let b = p - -1176. Let f = b + -612. Is f composite?
True
Let o be (4/(-12))/(2/6). Let f(b) = 8*b**2 + 2. Let d be f(o). Is ((-16)/d - -2) + (-30447)/(-45) composite?
False
Let c be -3 + 6/2 - (-2 - 2). Suppose 2170 = 5*f + c*i, 2*f = 7*f - i - 2195. Let t = f - -41. Is t a prime number?
True
Suppose -2*f + 33 = 3*b + 3, 2*f - 22 = -b. Suppose 9*o - 136638 = -f*o. Is o a composite number?
False
Let b be (-10)/45*-3 - 2/3. Suppose b = 2*j + 3*j + 3*m - 941, -2*j + 377 = m. Suppose 4498 - j = 12*i. Is i a prime number?
True
Suppose 0 = -3*l - 90*r + 86*r + 1434149, -3*r + 4302402 = 9*l. Is l a composite number?
True
Let b(c) = -48*c**2 + 6*c - 5. Let f(d) = 48*d**2 - 5*d + 4. Suppose -4*h + 3*l + 32 = 7*l, -l - 12 = -3*h. Let z(p) = h*b(p) + 6*f(p). Is z(-4) prime?
False
Is -21*(-13)/(-39) + (-1 - -68339) a prime number?
False
Let o(u) = u**3 - 15*u**2 + 24*u - 34. Let q = -115 + 118. Suppose 4*r - 59 = -w, -25 = -q*r - 4*w + 16. Is o(r) a prime number?
False
Suppose -4*p = 5*x - 726941, 55167 + 235607 = 2*x + p. Is x a prime number?
False
Let q(f) = 1376*f**3 + 4*f**2 + 10*f + 2. Let s be q(-2). Let z = 19555 + s. Is z prime?
False
Let y = -435 - -521. Is (y/3)/((-58)/(-7743)) a prime number?
False
Let q be ((-6)/(-8))/((-19)/(-76)). Let r be -2*q/(-12)*(8 - 2). Suppose 3*g - 2598 = 2*i + i, r*g + i = 2618. Is g composite?
True
Suppose m - 65 = -3*j, 5*m + 95 = 5*j - 0*m. Suppose d = 8*d - j. Suppose -d*q - 5*t - 94 = -873, 2 = -t. Is q a composite number?
False
Let z(l) = -7*l**2 + 5*l + 6. Let s be z(-1). Let f be s/((2 + -4)*9/24). Let y(x) = 198*x + 35. Is y(f) prime?
True
Let n(z) = 877 + 2*z - 4*z + z. Suppose -3*c - 6 = 3*g, 5*g = 5*c - 536 + 546. Is n(g) a prime number?
True
Let h = 890 + -470. Suppose -1799 = -44*u + 51*u. Let q = u + h. Is q a composite number?
False
Let l(t) = 204*t**2 + 17*t + 256. Is l(-7) prime?
True
Let x be -1*(5 - (3 - -3)). Is x*477 - (-12)/(-1 - -4) prime?
False
Suppose 2*m = -7 + 11, 2*m = -n + 159343. Is n prime?
False
Let k = 30136 - -72325. Is k composite?
False
Let s = -392 - -395. Is 1 - (-6 + s)*1440 a composite number?
True
Suppose -13*s = -6636152 + 1668033. Is s a composite number?
False
Let t = -14168 + 52873. Is t composite?
True
Suppose 49*v - 81 = 17. Is v - 224319/(-45) - 32/(-240) a prime number?
True
Suppose s - 2*t - 295383 = 0, -8 = -t + 5*t. Is s prime?
False
Suppose 35955112 - 16601847 = 108*d - 23455019. Is d a prime number?
True
Suppose -20 = -4*m - 49*a + 45*a, 2*m + 3*a - 10 = 0. Suppose m*j = -25*j + 656130. Is j a prime number?
True
Let y(d) = -18*d - 2. Suppose 9*j - 8*j + 37 = 0. Let w be j*(-3)/(-9) + 7/21. Is y(w) prime?
False
Let s(c) = -c**3 + 82*c**2 - 159*c - 316. Is s(75) a composite number?
True
Suppose 4*l - 2 = -2*i, 3*i = i - 2*l + 2. Let p be i/(-3) + (-1334)/(-69). Suppose 22*g = p*g + 3261. Is g a prime number?
True
Let s be -2*(-12669)/18 - 105/63. Suppose 2*i - 3358 = z, -3*i + 6457 - s = 2*z. Is i prime?
False
Suppose -2*t = 5*k + 4478, 4*k = -5*t - 8770 - 2459. Let b = 4968 + t. Is b a prime number?
True
Let a(w) = -w**3 - 5*w**2 + 5*w - 2. Let h be a(-6). Let q be -4*(-2)/(-44) - (-216372)/132. Suppose -s - 4*s + 1647 = 2*d, 5*s + h*d - q = 0. Is s composite?
False
Suppose -20205 = 9*d - 18*d. Suppose i + 1532 = 4744. Let k = i - d. Is k prime?
True
Let f = 267 + -258. Let r(z) = -41 + 9*z - 6*z + 63*z. Is r(f) composite?
True
Let h(c) = 13*c + 59. Let i be h(-2). Suppose -i*k + 125263 + 255458 = 0. Is k a composite number?
True
Suppose -f + 14901 = 4*n, 3*n - 5*f - 11181 = -4*f. Let g = n + -277. Is g a prime number?
True
Let s = 96 - -18827. Is s composite?
True
Let k be -6 + 15*((-68)/(-20) - 3). Suppose k = -4*u + 2*t + 11242, -u + 3*t + 624 = -2174. Is u a composite number?
True
Suppose -17208 = i + 7*i. Let d = 5853 + i. Suppose 6744 = 6*q - d. Is q a prime number?
True
Suppose 0 = -5*a - 3*w + 139991, 3*a = -2*a + w + 139983. Is a composite?
False
Let n(y) = -3 - 87*y + 3*y - 68*y. Let d = 12479 + -12492. Is n(d) a composite number?
False
Let j = -60750 + 89659. Is j composite?
False
Suppose 1008 = 8*m - 24136. Is m composite?
True
Suppose 33*t - 40 = 29*t. Suppose -2*g - k + 0*k = -15, 0 = 3*g - k - t. Suppose -2*b + 957 = u, -g*b = -u - 3*u - 2386. Is b a prime number?
False
Suppose 0 = 4*i - 16, -5*b - 5*i + 23 = -4*b. Suppose -5*c + k + 8076 = 4*k, 0 = 5*c - b*k - 8094. Let p = c + -1100. Is p composite?
True
Let b = 45 + -43. Suppose 345 = -7*v + b*v. Let q = 376 + v. Is q a prime number?
True
Suppose -10844 = 4*y + 3*i, 0 = 2*y - 3*y + 3*i - 2696. Let p = y - -1498. Let n = p - -3011. Is n a prime number?
True
Let y(n) = n**3 - 25*n**2 + 45*n + 33. Let b be y(23). Suppose -3314 + 103924 = b*l. Is l a composite number?
False
Let v = -78 + 81. Suppose -v = 8*d - 19. Suppose -2869 = -5*t - 0*t + d*j, -t = -4*j - 581. Is t a prime number?
False
Let c(q) = -657*q + 17. Let n be (-1 + (-17)/(-6))*6. Let k(d) = d - 19. Let m be k(n). Is c(m) a composite number?
False
Let t be -122*(4 - 484/8). Suppose 3*o = 4*h - t, -4*o + 3 = -17. Is h a composite number?
True
Let p = -687 - -582. Is ((-338961)/p)/((-2)/(-10)) + 2 prime?
False
Let n = -36 + 40. Suppose n*y + 2*o + 2842 = 0, o - 1427 = 2*y - 0*o. Let j = -139 - y. Is j a composite number?
True
Suppose t - 9461544 = -5*g, 4*g - 3868145 = 4*t + 3701095. Is g a prime number?
True
Let b(m) = -m**3 + 8*m**2 - 7*m + 16. Let w be b(7). Suppose 10*t + 24 = w*t. Is 312/2 + 4/t a prime number?
True
Let b = -103 + 83. Let q be ((b/6)/(4/(-6)))/1. Suppose 5*z - 3*o - 710 = -4*o, 0 = q*z - o - 700. Is z a prime number?
False
Let a(p) = 30969*p - 1084. Is a(47) composite?
False
Suppose -10*u + 17791 = -22959. Suppose 2*s + 0*s = 8, 2*s = 3*g - u. Is g prime?
True
Suppose o = -2*o - 48. Let s be (-10)/(-8) + (-12)/o. Let j = 109 + s. Is j prime?
False
Suppose -10*l + 586486 + 416057 + 1305527 = 0. Is l a prime number?
True
Let y(u) = 7*u - 12. Let b be y(2). Suppose 16 = b*r + 2*h + h, -18 = r - 5*h. Suppose -2*i + 3*w = -4*i + 1518, -r*i = -5*w - 1486. Is i a composite number?
True
Suppose -7*a + 10*a + 30 = 0. Let g = a - -14. Suppose -4*i = 4*c - 6192, 9770 = g*c - 2*i + 3608. Is c prime?
True
Suppose -q - 3 = 2*q, -4*p - 4*q + 16 = 0. Suppose 0 = p*z + 20, -z - 29 = -3*y - 7. Suppose 2*n = y*n - 2540. Is n prime?
False
Let a(m) = 3*m**3 - 59*m**2 + 98*m - 17. Is a(28) composite?
True
Suppose -3*g + 137844 = -5*v, -4*g = -28*v + 31*v - 183763. Is g composite?
False
Suppose -63*g = -9449561 - 9058705. Is g composite?
True
Let n = 12027 - -843. Let r = n - 6517. Is r prime?
True
Is -42673*(1 - 2)*1 a composite number?
True
Let o(z) = -z**3 + 5*z**2 - 2*z - 3. Let f be o(4). Let r(k) = -k**2 + 0*k**2 - 13863 + 13862 + 3*k**3 - 4*k. Is r(f) a composite number?
True
Suppose 11783 = -3*m + 43979. Let u = 436 + -429. Suppose -m = -u*x + 4395. Is x a composite number?
False
Let u(y) = 27*y**2 + 4*y - 26. Suppose 27*m - 22*m = -35. Let v be u(m). Suppose 6*i = 2*i - 5*o + v, o - 316 = -i. Is i composite?
False
Let s = -70 - 571. Suppose 4*l + 1060 = -4*y - 744, 5*y = 15. Let b = l - s. Is b prime?
False
Let a(d) = -731*d + 61. Let v(b) = 731*b - 65. Let m(f) = -3*a(f) - 2*v(f). Is m(5) prime?
False
Let u(p) = -2*p**3 - 6*p**2 - 24*p - 68. Let k be u(-14). Let i = k + -1846. Is i prime?
False
Suppose 37*l = 214*l - 1594239. Is l prime?
True
Suppose 0 = -79*g - 67*g - 52*g + 45518814. Is g composite?
True
Let z(k) = 7631*k**2 - 71*k + 193. Is z(3) prime?
True
Suppose 0 = x - n - 69275, 22*x - 207777 = 19*x - 5*n. Is x prime?
False
Is (-140)/(-105)*(-12282)/(-8) composite?
True
Let o = 50 + -37. Suppose 5*t + o + 37 = 0. Let x(d) = 5*d**2 + 2*d + 1. Is x(t) prime?
False
Suppose 0 = -m - 356 - 2781. Suppose 8*s = 4*s + 24696. Let u = s + m. Is u a prime number?
True
Let v(b) = 46*b. Let i be (1/(-10)*14 - -1)*-20. Let a be v(i). Let w = -255 + a. Is w prime?
True
Suppose -2*w = 2*l - 0*w - 18, 13 = l - 3*w. Suppose l*p + 2 = 11*p. Suppose z + 3223 = p*z. Is z composite?
True
Suppose -11173*c + 11152*c = -2162307. Is c composite?
False
Let h(b) = 263*b + 104. Let n be h(18). Let q = n - 447. Is q a prime number?
True
Suppose 363 = -12*v + 1599. Suppose -2888 + v = -i. Suppose 1012 = 5*m + 4*n - 1773, 5*m = 5*n + i. 